{"id":60,"date":"2020-08-23T12:13:16","date_gmt":"2020-08-23T10:13:16","guid":{"rendered":"https:\/\/www.spielbrett.co.at\/community\/?page_id=60"},"modified":"2022-06-26T17:02:06","modified_gmt":"2022-06-26T15:02:06","slug":"spielliste","status":"publish","type":"page","link":"https:\/\/www.spielbrett.co.at\/community\/ranking-der-wuerfelknechte\/spielliste\/","title":{"rendered":"Gewertete Spiele 2022"},"content":{"rendered":"\n<p>Warhammer40K<\/p>\n\n\n\n<figure class=\"wp-block-table\"><table><tbody><tr><td>Spiele<\/td><td><\/td><td><\/td><td><\/td><td><\/td><\/tr><tr><td><\/td><td><\/td><td><\/td><td><\/td><td><\/td><\/tr><tr><td><\/td><td>Name<\/td><td>Rankingpunkte<\/td><td>Erwarteter Koeffizient<\/td><td>Ergebnis<\/td><\/tr><tr><td>20.01.2022<\/td><td>Walker<\/td><td>100<\/td><td>0,500<\/td><td>1<\/td><\/tr><tr><td>WH 40K<\/td><td>Saumius<\/td><td>100<\/td><td>0,500<\/td><td>0<\/td><\/tr><tr><td><\/td><td><\/td><td><\/td><td>Punkte<\/td><td><\/td><\/tr><tr><td><\/td><td>Walker<\/td><td>106,00<\/td><td>6,00<\/td><td><\/td><\/tr><tr><td><\/td><td>Saumius<\/td><td>96,00<\/td><td>-4,00<\/td><td><\/td><\/tr><tr><td><\/td><td><\/td><td><\/td><td><\/td><td><\/td><\/tr><tr><td>22.01.2022<\/td><td>Bullet<\/td><td>100<\/td><td>0,500<\/td><td>1<\/td><\/tr><tr><td>WH 40K<\/td><td>Xilef<\/td><td>100<\/td><td>0,500<\/td><td>0<\/td><\/tr><tr><td><\/td><td><\/td><td><\/td><td>Punkte<\/td><td><\/td><\/tr><tr><td><\/td><td>Bullet<\/td><td>106,00<\/td><td>6,00<\/td><td><\/td><\/tr><tr><td><\/td><td>Xilef<\/td><td>96,00<\/td><td>-4,00<\/td><td><\/td><\/tr><tr><td><\/td><td><\/td><td><\/td><td><\/td><td><\/td><\/tr><tr><td>26.01.2022<\/td><td>Walker<\/td><td>106<\/td><td>0,509<\/td><td>0<\/td><\/tr><tr><td>WH 40K<\/td><td>Obagr\u00fcnhaut<\/td><td>100<\/td><td>0,491<\/td><td>1<\/td><\/tr><tr><td><\/td><td><\/td><td><\/td><td>Punkte<\/td><td><\/td><\/tr><tr><td><\/td><td>Walker<\/td><td>101,91<\/td><td>-4,09<\/td><td><\/td><\/tr><tr><td><\/td><td>Obagr\u00fcnhaut<\/td><td>106,09<\/td><td>6,09<\/td><td><\/td><\/tr><tr><td><\/td><td><\/td><td><\/td><td><\/td><td><\/td><\/tr><tr><td>28.01.2022<\/td><td>Bloodborne<\/td><td>100<\/td><td>0,500<\/td><td>1<\/td><\/tr><tr><td>WH 40K<\/td><td>Moonstriker<\/td><td>100<\/td><td>0,500<\/td><td>0<\/td><\/tr><tr><td><\/td><td><\/td><td><\/td><td>Punkte<\/td><td><\/td><\/tr><tr><td><\/td><td>Bloodborne<\/td><td>106,00<\/td><td>6,00<\/td><td><\/td><\/tr><tr><td><\/td><td>Moonstriker<\/td><td>96,00<\/td><td>-4,00<\/td><td><\/td><\/tr><tr><td><\/td><td><\/td><td><\/td><td><\/td><td><\/td><\/tr><tr><td>28.01.2022<\/td><td>Bloodborne<\/td><td>106<\/td><td>0,508<\/td><td>1<\/td><\/tr><tr><td>WH 40K<\/td><td>Moonstriker<\/td><td>100,5<\/td><td>0,492<\/td><td>0<\/td><\/tr><tr><td><\/td><td><\/td><td><\/td><td>Punkte<\/td><td><\/td><\/tr><tr><td><\/td><td>Bloodborne<\/td><td>111,92<\/td><td>5,92<\/td><td><\/td><\/tr><tr><td><\/td><td>Moonstriker<\/td><td>96,58<\/td><td>-3,92<\/td><td><\/td><\/tr><tr><td><\/td><td><\/td><td><\/td><td><\/td><td><\/td><\/tr><tr><td>03.02.2022<\/td><td>Xilef<\/td><td>100,5<\/td><td>0,501<\/td><td>1<\/td><\/tr><tr><td>WH 40K<\/td><td>Caveman<\/td><td>100<\/td><td>0,499<\/td><td>0<\/td><\/tr><tr><td><\/td><td><\/td><td><\/td><td>Punkte<\/td><td><\/td><\/tr><tr><td><\/td><td>Xilef<\/td><td>106,49<\/td><td>5,99<\/td><td><\/td><\/tr><tr><td><\/td><td>Caveman<\/td><td>96,01<\/td><td>-3,99<\/td><td><\/td><\/tr><tr><td><\/td><td><\/td><td><\/td><td><\/td><td><\/td><\/tr><tr><td>03.02.2022<\/td><td>Bullet<\/td><td>106<\/td><td>0,509<\/td><td>1<\/td><\/tr><tr><td>WH 40K<\/td><td>Neurotox<\/td><td>100<\/td><td>0,491<\/td><td>0<\/td><\/tr><tr><td><\/td><td><\/td><td><\/td><td>Punkte<\/td><td><\/td><\/tr><tr><td><\/td><td>Bullet<\/td><td>111,91<\/td><td>5,91<\/td><td><\/td><\/tr><tr><td><\/td><td>Neurotox<\/td><td>96,09<\/td><td>-3,91<\/td><td><\/td><\/tr><tr><td><\/td><td><\/td><td><\/td><td><\/td><td><\/td><\/tr><tr><td>09.02.2022<\/td><td>Bloodborne<\/td><td>111,92<\/td><td>0,514<\/td><td>1<\/td><\/tr><tr><td>WH 40K<\/td><td>Walker<\/td><td>101,91<\/td><td>0,486<\/td><td>0<\/td><\/tr><tr><td><\/td><td><\/td><td><\/td><td>Punkte<\/td><td><\/td><\/tr><tr><td><\/td><td>Bloodborne<\/td><td>117,78<\/td><td>5,86<\/td><td><\/td><\/tr><tr><td><\/td><td>Walker<\/td><td>98,05<\/td><td>-3,86<\/td><td><\/td><\/tr><tr><td><\/td><td><\/td><td><\/td><td><\/td><td><\/td><\/tr><tr><td>10.02.2022<\/td><td>Bullet<\/td><td>111,91<\/td><td>0,516<\/td><td>1<\/td><\/tr><tr><td>WH 40K<\/td><td>Saumius<\/td><td>100,5<\/td><td>0,484<\/td><td>0<\/td><\/tr><tr><td><\/td><td><\/td><td><\/td><td>Punkte<\/td><td><\/td><\/tr><tr><td><\/td><td>Bullet<\/td><td>117,75<\/td><td>5,84<\/td><td><\/td><\/tr><tr><td><\/td><td>Saumius<\/td><td>96,66<\/td><td>-3,84<\/td><td><\/td><\/tr><tr><td><\/td><td><\/td><td><\/td><td><\/td><td><\/td><\/tr><tr><td>10.02.2022<\/td><td>Obagr\u00fcnhaut<\/td><td>106,09<\/td><td>0,507<\/td><td>1<\/td><\/tr><tr><td>WH 40K<\/td><td>Moonstriker<\/td><td>101<\/td><td>0,493<\/td><td>0<\/td><\/tr><tr><td><\/td><td><\/td><td><\/td><td>Punkte<\/td><td><\/td><\/tr><tr><td><\/td><td>Obagr\u00fcnhaut<\/td><td>112,02<\/td><td>5,93<\/td><td><\/td><\/tr><tr><td><\/td><td>Moonstriker<\/td><td>97,07<\/td><td>-3,93<\/td><td><\/td><\/tr><tr><td><\/td><td><\/td><td><\/td><td><\/td><td><\/td><\/tr><tr><td>24.02.2022<\/td><td>Saumius<\/td><td>101<\/td><td>0,492<\/td><td>1<\/td><\/tr><tr><td>WH 40K<\/td><td>Xilef<\/td><td>106,49<\/td><td>0,508<\/td><td>0<\/td><\/tr><tr><td><\/td><td><\/td><td><\/td><td>Punkte<\/td><td><\/td><\/tr><tr><td><\/td><td>Saumius<\/td><td>107,08<\/td><td>6,08<\/td><td><\/td><\/tr><tr><td><\/td><td>Xilef<\/td><td>102,41<\/td><td>-4,08<\/td><td><\/td><\/tr><tr><td><\/td><td><\/td><td><\/td><td><\/td><td><\/td><\/tr><tr><td>12.03.2022<\/td><td>Obagr\u00fcnhaut\/ Stefan<\/td><td>212,02<\/td><td>0,504<\/td><td>1<\/td><\/tr><tr><td>WH 40K<\/td><td>Xilef\/ Saumius<\/td><td>209,49<\/td><td>0,496<\/td><td>0<\/td><\/tr><tr><td><\/td><td><\/td><td><\/td><td>Punkte<\/td><td><\/td><\/tr><tr><td><\/td><td>Obagr\u00fcnhaut\/ Stefan<\/td><td>217,98<\/td><td>5,96<\/td><td><\/td><\/tr><tr><td><\/td><td>Xilef\/ Saumius<\/td><td>205,53<\/td><td>-3,96<\/td><td><\/td><\/tr><tr><td><\/td><td><\/td><td><\/td><td><\/td><td><\/td><\/tr><tr><td>17.03.2022<\/td><td>Walker<\/td><td>101,5<\/td><td>0,498<\/td><td>1<\/td><\/tr><tr><td>WH 40K<\/td><td>Saumius<\/td><td>103,12<\/td><td>0,502<\/td><td>0<\/td><\/tr><tr><td><\/td><td><\/td><td><\/td><td>Punkte<\/td><td><\/td><\/tr><tr><td><\/td><td>Walker<\/td><td>107,52<\/td><td>6,02<\/td><td><\/td><\/tr><tr><td><\/td><td>Saumius<\/td><td>99,10<\/td><td>-4,02<\/td><td><\/td><\/tr><tr><td><\/td><td><\/td><td><\/td><td><\/td><td><\/td><\/tr><tr><td>24.03.2022<\/td><td>Walker<\/td><td>107,52<\/td><td>0,511<\/td><td>0<\/td><\/tr><tr><td>WH 40K<\/td><td>Zunragg<\/td><td>100<\/td><td>0,489<\/td><td>1<\/td><\/tr><tr><td><\/td><td><\/td><td><\/td><td>Punkte<\/td><td><\/td><\/tr><tr><td><\/td><td>Walker<\/td><td>103,41<\/td><td>-4,11<\/td><td><\/td><\/tr><tr><td><\/td><td>Zunragg<\/td><td>106,11<\/td><td>6,11<\/td><td><\/td><\/tr><tr><td><\/td><td><\/td><td><\/td><td><\/td><td><\/td><\/tr><tr><td>25.03.2022<\/td><td>Obagr\u00fcnhaut<\/td><td>117,98<\/td><td>0,500<\/td><td>0,5<\/td><\/tr><tr><td>WH 40K<\/td><td>Bloodborne<\/td><td>117,78<\/td><td>0,500<\/td><td>0,5<\/td><\/tr><tr><td><\/td><td><\/td><td><\/td><td>Punkte<\/td><td><\/td><\/tr><tr><td><\/td><td>Obagr\u00fcnhaut<\/td><td>118,98<\/td><td>1,00<\/td><td><\/td><\/tr><tr><td><\/td><td>Bloodborne<\/td><td>118,78<\/td><td>1,00<\/td><td><\/td><\/tr><tr><td><\/td><td><\/td><td><\/td><td><\/td><td><\/td><\/tr><tr><td>31.03.2022<\/td><td>Walker<\/td><td>103,41<\/td><td>0,478<\/td><td>0<\/td><\/tr><tr><td>WH 40K<\/td><td>Obagr\u00fcnhaut<\/td><td>118,98<\/td><td>0,522<\/td><td>1<\/td><\/tr><tr><td><\/td><td><\/td><td><\/td><td>Punkte<\/td><td><\/td><\/tr><tr><td><\/td><td>Walker<\/td><td>99,63<\/td><td>-3,78<\/td><td><\/td><\/tr><tr><td><\/td><td>Obagr\u00fcnhaut<\/td><td>124,76<\/td><td>5,78<\/td><td><\/td><\/tr><tr><td><\/td><td><\/td><td><\/td><td><\/td><td><\/td><\/tr><tr><td>07.04.2022<\/td><td>Walker\/ Saumius<\/td><td>205,5<\/td><td>0,480<\/td><td>0<\/td><\/tr><tr><td>WH 40K<\/td><td>Bullet\/ Xilef<\/td><td>219,75<\/td><td>0,520<\/td><td>1<\/td><\/tr><tr><td><\/td><td><\/td><td><\/td><td>Punkte<\/td><td><\/td><\/tr><tr><td><\/td><td>Walker\/ Saumius<\/td><td>201,70<\/td><td>-3,80<\/td><td><\/td><\/tr><tr><td><\/td><td>Bullet\/ Xilef<\/td><td>225,55<\/td><td>5,80<\/td><td><\/td><\/tr><tr><td><\/td><td><\/td><td><\/td><td><\/td><td><\/td><\/tr><tr><td>14.04.2022<\/td><td>Bloodborne<\/td><td>118,78<\/td><td>0,491<\/td><td>0<\/td><\/tr><tr><td>WH 40K<\/td><td>Obagr\u00fcnhaut<\/td><td>124,76<\/td><td>0,509<\/td><td>1<\/td><\/tr><tr><td><\/td><td><\/td><td><\/td><td>Punkte<\/td><td><\/td><\/tr><tr><td><\/td><td>Bloodborne<\/td><td>114,87<\/td><td>-3,91<\/td><td><\/td><\/tr><tr><td><\/td><td>Obagr\u00fcnhaut<\/td><td>130,67<\/td><td>5,91<\/td><td><\/td><\/tr><tr><td><\/td><td><\/td><td><\/td><td><\/td><td><\/td><\/tr><tr><td>12.05.2022<\/td><td>Walker<\/td><td>103,5<\/td><td>0,461<\/td><td>0<\/td><\/tr><tr><td>WH 40K<\/td><td>Obagr\u00fcnhaut<\/td><td>130,67<\/td><td>0,539<\/td><td>1<\/td><\/tr><tr><td><\/td><td><\/td><td><\/td><td>Punkte<\/td><td><\/td><\/tr><tr><td><\/td><td>Walker<\/td><td>99,89<\/td><td>-3,61<\/td><td><\/td><\/tr><tr><td><\/td><td>Obagr\u00fcnhaut<\/td><td>136,28<\/td><td>5,61<\/td><td><\/td><\/tr><tr><td><\/td><td><\/td><td><\/td><td><\/td><td><\/td><\/tr><tr><td>19.05.2022<\/td><td>Harry<\/td><td>100<\/td><td>0,496<\/td><td>1<\/td><\/tr><tr><td>WH 40K<\/td><td>Saumius<\/td><td>103<\/td><td>0,504<\/td><td>0<\/td><\/tr><tr><td><\/td><td><\/td><td><\/td><td>Punkte<\/td><td><\/td><\/tr><tr><td><\/td><td>Harry<\/td><td>106,04<\/td><td>6,04<\/td><td><\/td><\/tr><tr><td><\/td><td>Saumius<\/td><td>98,96<\/td><td>-4,04<\/td><td><\/td><\/tr><tr><td><\/td><td><\/td><td><\/td><td><\/td><td><\/td><\/tr><tr><td>09.06.2022<\/td><td>Harry<\/td><td>106,04<\/td><td>0,509<\/td><td>0<\/td><\/tr><tr><td>WH 40K<\/td><td>Luki<\/td><td>100<\/td><td>0,491<\/td><td>1<\/td><\/tr><tr><td><\/td><td><\/td><td><\/td><td>Punkte<\/td><td><\/td><\/tr><tr><td><\/td><td>Harry<\/td><td>101,95<\/td><td>-4,09<\/td><td><\/td><\/tr><tr><td><\/td><td>Luki<\/td><td>106,09<\/td><td>6,09<\/td><td><\/td><\/tr><tr><td><\/td><td><\/td><td><\/td><td><\/td><td><\/td><\/tr><tr><td>16.06.2022<\/td><td>Xilef<\/td><td>107,8<\/td><td>0,477<\/td><td>1<\/td><\/tr><tr><td>WH 40K<\/td><td>Bullet<\/td><td>123,55<\/td><td>0,523<\/td><td>0<\/td><\/tr><tr><td><\/td><td><\/td><td><\/td><td>Punkte<\/td><td><\/td><\/tr><tr><td><\/td><td>Xilef<\/td><td>114,03<\/td><td>6,23<\/td><td><\/td><\/tr><tr><td><\/td><td>Bullet<\/td><td>119,32<\/td><td>-4,23<\/td><td><\/td><\/tr><tr><td><\/td><td><\/td><td><\/td><td><\/td><td><\/td><\/tr><tr><td>16.06.2022<\/td><td>Xilef<\/td><td>107,8<\/td><td>0,477<\/td><td>1<\/td><\/tr><tr><td>WH 40K<\/td><td>Bullet<\/td><td>123,55<\/td><td>0,523<\/td><td>0<\/td><\/tr><tr><td><\/td><td><\/td><td><\/td><td>Punkte<\/td><td><\/td><\/tr><tr><td><\/td><td>Xilef<\/td><td>114,03<\/td><td>6,23<\/td><td><\/td><\/tr><tr><td><\/td><td>Bullet<\/td><td>119,32<\/td><td>-4,23<\/td><td><\/td><\/tr><tr><td><\/td><td><\/td><td><\/td><td><\/td><td><\/td><\/tr><tr><td>23.06.2022<\/td><td>Manu\/ Harry<\/td><td>202,95<\/td><td>0,490<\/td><td>0<\/td><\/tr><tr><td>WH 40K<\/td><td>Luki\/ Saum<\/td><td>209,59<\/td><td>0,510<\/td><td>&nbsp;<\/td><\/tr><tr><td><\/td><td><\/td><td><\/td><td>Punkte<\/td><td><\/td><\/tr><tr><td><\/td><td>Manu\/ Harry<\/td><td>199,05<\/td><td>-3,90<\/td><td><\/td><\/tr><tr><td><\/td><td>Luki\/ Saum<\/td><td>205,49<\/td><td>-4,10<\/td><td><\/td><\/tr><\/tbody><\/table><\/figure>\n\n\n\n<p>Age of Sigmar<\/p>\n\n\n\n<figure class=\"wp-block-table\"><table><tbody><tr><td>01.04.2022<\/td><td>Michi<\/td><td>100<\/td><td>0,500<\/td><td>1<\/td><td>&nbsp;<\/td><td>0,00<\/td><\/tr><tr><td><\/td><td>Saumius<\/td><td>100<\/td><td>0,500<\/td><td>0<\/td><td>&nbsp;<\/td><td>1,00<\/td><\/tr><tr><td><\/td><td><\/td><td><\/td><td>Punkte<\/td><td><\/td><td><\/td><td><\/td><\/tr><tr><td><\/td><td>Michi<\/td><td>106,00<\/td><td>6,00<\/td><td><\/td><td><\/td><td><\/td><\/tr><tr><td><\/td><td>Saumius<\/td><td>96,00<\/td><td>-4,00<\/td><td><\/td><td><\/td><td><\/td><\/tr><tr><td><\/td><td><\/td><td><\/td><td><\/td><td><\/td><td><\/td><td><\/td><\/tr><tr><td>09.04.2022<\/td><td>Michi<\/td><td>106<\/td><td>0,509<\/td><td>1<\/td><td>&nbsp;<\/td><td>-0,02<\/td><\/tr><tr><td><\/td><td>Roland<\/td><td>100<\/td><td>0,491<\/td><td>0<\/td><td>&nbsp;<\/td><td>0,97<\/td><\/tr><tr><td><\/td><td><\/td><td><\/td><td>Punkte<\/td><td><\/td><td><\/td><td><\/td><\/tr><tr><td><\/td><td>Michi<\/td><td>111,91<\/td><td>5,91<\/td><td><\/td><td><\/td><td><\/td><\/tr><tr><td><\/td><td>Roland<\/td><td>96,09<\/td><td>-3,91<\/td><td><\/td><td><\/td><td><\/td><\/tr><tr><td><\/td><td><\/td><td><\/td><td><\/td><td><\/td><td><\/td><td><\/td><\/tr><tr><td>17.06.2022<\/td><td>Michi<\/td><td>111,91<\/td><td>0,517<\/td><td>0<\/td><td>&nbsp;<\/td><td>-0,03<\/td><\/tr><tr><td><\/td><td>Walter<\/td><td>100<\/td><td>0,483<\/td><td>1<\/td><td>&nbsp;<\/td><td>0,93<\/td><\/tr><tr><td><\/td><td><\/td><td><\/td><td>Punkte<\/td><td><\/td><td><\/td><td><\/td><\/tr><tr><td><\/td><td>Michi<\/td><td>107,74<\/td><td>-4,17<\/td><td><\/td><td><\/td><td><\/td><\/tr><tr><td><\/td><td>Walter<\/td><td>106,17<\/td><td>6,17<\/td><td><\/td><td><\/td><td><\/td><\/tr><\/tbody><\/table><\/figure>\n","protected":false},"excerpt":{"rendered":"<p>Warhammer40K SpieleNameRankingpunkteErwarteter KoeffizientErgebnis20.01.2022Walker1000,5001WH 40KSaumius1000,5000PunkteWalker106,006,00Saumius96,00-4,0022.01.2022Bullet1000,5001WH 40KXilef1000,5000PunkteBullet106,006,00Xilef96,00-4,0026.01.2022Walker1060,5090WH 40KObagr\u00fcnhaut1000,4911PunkteWalker101,91-4,09Obagr\u00fcnhaut106,096,0928.01.2022Bloodborne1000,5001WH 40KMoonstriker1000,5000PunkteBloodborne106,006,00Moonstriker96,00-4,0028.01.2022Bloodborne1060,5081WH 40KMoonstriker100,50,4920PunkteBloodborne111,925,92Moonstriker96,58-3,9203.02.2022Xilef100,50,5011WH 40KCaveman1000,4990PunkteXilef106,495,99Caveman96,01-3,9903.02.2022Bullet1060,5091WH 40KNeurotox1000,4910PunkteBullet111,915,91Neurotox96,09-3,9109.02.2022Bloodborne111,920,5141WH 40KWalker101,910,4860PunkteBloodborne117,785,86Walker98,05-3,8610.02.2022Bullet111,910,5161WH 40KSaumius100,50,4840PunkteBullet117,755,84Saumius96,66-3,8410.02.2022Obagr\u00fcnhaut106,090,5071WH 40KMoonstriker1010,4930PunkteObagr\u00fcnhaut112,025,93Moonstriker97,07-3,9324.02.2022Saumius1010,4921WH 40KXilef106,490,5080PunkteSaumius107,086,08Xilef102,41-4,0812.03.2022Obagr\u00fcnhaut\/ Stefan212,020,5041WH 40KXilef\/ Saumius209,490,4960PunkteObagr\u00fcnhaut\/ Stefan217,985,96Xilef\/ Saumius205,53-3,9617.03.2022Walker101,50,4981WH 40KSaumius103,120,5020PunkteWalker107,526,02Saumius99,10-4,0224.03.2022Walker107,520,5110WH 40KZunragg1000,4891PunkteWalker103,41-4,11Zunragg106,116,1125.03.2022Obagr\u00fcnhaut117,980,5000,5WH 40KBloodborne117,780,5000,5PunkteObagr\u00fcnhaut118,981,00Bloodborne118,781,0031.03.2022Walker103,410,4780WH 40KObagr\u00fcnhaut118,980,5221PunkteWalker99,63-3,78Obagr\u00fcnhaut124,765,7807.04.2022Walker\/ Saumius205,50,4800WH 40KBullet\/ Xilef219,750,5201PunkteWalker\/ Saumius201,70-3,80Bullet\/ Xilef225,555,8014.04.2022Bloodborne118,780,4910WH 40KObagr\u00fcnhaut124,760,5091PunkteBloodborne114,87-3,91Obagr\u00fcnhaut130,675,9112.05.2022Walker103,50,4610WH 40KObagr\u00fcnhaut130,670,5391PunkteWalker99,89-3,61Obagr\u00fcnhaut136,285,6119.05.2022Harry1000,4961WH 40KSaumius1030,5040PunkteHarry106,046,04Saumius98,96-4,0409.06.2022Harry106,040,5090WH 40KLuki1000,4911PunkteHarry101,95-4,09Luki106,096,0916.06.2022Xilef107,80,4771WH 40KBullet123,550,5230PunkteXilef114,036,23Bullet119,32-4,2316.06.2022Xilef107,80,4771WH 40KBullet123,550,5230PunkteXilef114,036,23Bullet119,32-4,2323.06.2022Manu\/ Harry202,950,4900WH 40KLuki\/ Saum209,590,510&nbsp;PunkteManu\/ Harry199,05-3,90Luki\/ Saum205,49-4,10 Age of Sigmar 01.04.2022Michi1000,5001&nbsp;0,00Saumius1000,5000&nbsp;1,00PunkteMichi106,006,00Saumius96,00-4,0009.04.2022Michi1060,5091&nbsp;-0,02Roland1000,4910&nbsp;0,97PunkteMichi111,915,91Roland96,09-3,9117.06.2022Michi111,910,5170&nbsp;-0,03Walter1000,4831&nbsp;0,93PunkteMichi107,74-4,17Walter106,176,17<\/p>\n","protected":false},"author":1,"featured_media":0,"parent":11,"menu_order":1,"comment_status":"closed","ping_status":"closed","template":"","meta":{"footnotes":""},"class_list":["post-60","page","type-page","status-publish","hentry"],"rise-blocks_excerpt":"Warhammer40K SpieleNameRankingpunkteErwarteter KoeffizientErgebnis20.01.2022Walker1000,5001WH 40KSaumius1000,5000PunkteWalker106,006,00Saumius96,00-4,0022.01.2022Bullet1000,5001WH 40KXilef1000,5000PunkteBullet106,006,00Xilef96,00-4,0026.01.2022Walker1060,5090WH 40KObagr\u00fcnhaut1000,4911PunkteWalker101,91-4,09Obagr\u00fcnhaut106,096,0928.01.2022Bloodborne1000,5001WH 40KMoonstriker1000,5000PunkteBloodborne106,006,00Moonstriker96,00-4,0028.01.2022Bloodborne1060,5081WH 40KMoonstriker100,50,4920PunkteBloodborne111,925,92Moonstriker96,58-3,9203.02.2022Xilef100,50,5011WH 40KCaveman1000,4990PunkteXilef106,495,99Caveman96,01-3,9903.02.2022Bullet1060,5091WH 40KNeurotox1000,4910PunkteBullet111,915,91Neurotox96,09-3,9109.02.2022Bloodborne111,920,5141WH 40KWalker101,910,4860PunkteBloodborne117,785,86Walker98,05-3,8610.02.2022Bullet111,910,5161WH 40KSaumius100,50,4840PunkteBullet117,755,84Saumius96,66-3,8410.02.2022Obagr\u00fcnhaut106,090,5071WH 40KMoonstriker1010,4930PunkteObagr\u00fcnhaut112,025,93Moonstriker97,07-3,9324.02.2022Saumius1010,4921WH 40KXilef106,490,5080PunkteSaumius107,086,08Xilef102,41-4,0812.03.2022Obagr\u00fcnhaut\/ Stefan212,020,5041WH 40KXilef\/ Saumius209,490,4960PunkteObagr\u00fcnhaut\/ Stefan217,985,96Xilef\/ Saumius205,53-3,9617.03.2022Walker101,50,4981WH 40KSaumius103,120,5020PunkteWalker107,526,02Saumius99,10-4,0224.03.2022Walker107,520,5110WH 40KZunragg1000,4891PunkteWalker103,41-4,11Zunragg106,116,1125.03.2022Obagr\u00fcnhaut117,980,5000,5WH 40KBloodborne117,780,5000,5PunkteObagr\u00fcnhaut118,981,00Bloodborne118,781,0031.03.2022Walker103,410,4780WH 40KObagr\u00fcnhaut118,980,5221PunkteWalker99,63-3,78Obagr\u00fcnhaut124,765,7807.04.2022Walker\/ Saumius205,50,4800WH 40KBullet\/ Xilef219,750,5201PunkteWalker\/ Saumius201,70-3,80Bullet\/ Xilef225,555,8014.04.2022Bloodborne118,780,4910WH 40KObagr\u00fcnhaut124,760,5091PunkteBloodborne114,87-3,91Obagr\u00fcnhaut130,675,9112.05.2022Walker103,50,4610WH 40KObagr\u00fcnhaut130,670,5391PunkteWalker99,89-3,61Obagr\u00fcnhaut136,285,6119.05.2022Harry1000,4961WH 40KSaumius1030,5040PunkteHarry106,046,04Saumius98,96-4,0409.06.2022Harry106,040,5090WH 40KLuki1000,4911PunkteHarry101,95-4,09Luki106,096,0916.06.2022Xilef107,80,4771WH 40KBullet123,550,5230PunkteXilef114,036,23Bullet119,32-4,2316.06.2022Xilef107,80,4771WH 40KBullet123,550,5230PunkteXilef114,036,23Bullet119,32-4,2323.06.2022Manu\/ Harry202,950,4900WH 40KLuki\/ Saum209,590,510&nbsp;PunkteManu\/ Harry199,05-3,90Luki\/ Saum205,49-4,10 Age of Sigmar 01.04.2022Michi1000,5001&nbsp;0,00Saumius1000,5000&nbsp;1,00PunkteMichi106,006,00Saumius96,00-4,0009.04.2022Michi1060,5091&nbsp;-0,02Roland1000,4910&nbsp;0,97PunkteMichi111,915,91Roland96,09-3,9117.06.2022Michi111,910,5170&nbsp;-0,03Walter1000,4831&nbsp;0,93PunkteMichi107,74-4,17Walter106,176,17","_links":{"self":[{"href":"https:\/\/www.spielbrett.co.at\/community\/wp-json\/wp\/v2\/pages\/60","targetHints":{"allow":["GET"]}}],"collection":[{"href":"https:\/\/www.spielbrett.co.at\/community\/wp-json\/wp\/v2\/pages"}],"about":[{"href":"https:\/\/www.spielbrett.co.at\/community\/wp-json\/wp\/v2\/types\/page"}],"author":[{"embeddable":true,"href":"https:\/\/www.spielbrett.co.at\/community\/wp-json\/wp\/v2\/users\/1"}],"replies":[{"embeddable":true,"href":"https:\/\/www.spielbrett.co.at\/community\/wp-json\/wp\/v2\/comments?post=60"}],"version-history":[{"count":11,"href":"https:\/\/www.spielbrett.co.at\/community\/wp-json\/wp\/v2\/pages\/60\/revisions"}],"predecessor-version":[{"id":266,"href":"https:\/\/www.spielbrett.co.at\/community\/wp-json\/wp\/v2\/pages\/60\/revisions\/266"}],"up":[{"embeddable":true,"href":"https:\/\/www.spielbrett.co.at\/community\/wp-json\/wp\/v2\/pages\/11"}],"wp:attachment":[{"href":"https:\/\/www.spielbrett.co.at\/community\/wp-json\/wp\/v2\/media?parent=60"}],"curies":[{"name":"wp","href":"https:\/\/api.w.org\/{rel}","templated":true}]}}